e the prime factors of 6861068?
2, 67, 25601
What are the prime factors of 5276412?
2, 3, 97, 1511
What are the prime factors of 18854336?
2, 67, 4397
What are the prime factors of 6414331?
7, 11, 7573
List the prime factors of 669233.
29, 47, 491
What are the prime factors of 2101367?
43, 48869
What are the prime factors of 1574138?
2, 787069
List the prime factors of 230882.
2, 67, 1723
What are the prime factors of 6952257?
3, 13, 29, 683
List the prime factors of 1630576.
2, 223, 457
What are the prime factors of 94612?
2, 7, 31, 109
What are the prime factors of 217923?
3, 17, 4273
List the prime factors of 25763547.
3, 8587849
List the prime factors of 7438623.
3, 2479541
List the prime factors of 19095150.
2, 3, 5, 127301
What are the prime factors of 3870920?
2, 5, 29, 47, 71
What are the prime factors of 98293?
13, 7561
What are the prime factors of 797117?
71, 103, 109
List the prime factors of 1055250.
2, 3, 5, 7, 67
List the prime factors of 992830.
2, 5, 101, 983
List the prime factors of 293885.
5, 53, 1109
What are the prime factors of 1959165?
3, 5, 13, 17, 197
List the prime factors of 793889.
793889
List the prime factors of 17945999.
17, 37, 103, 277
What are the prime factors of 4384329?
3, 23, 63541
What are the prime factors of 148379?
7, 11, 41, 47
What are the prime factors of 118332?
2, 3, 19, 173
What are the prime factors of 4463?
4463
List the prime factors of 468788.
2, 163, 719
List the prime factors of 905948.
2, 226487
What are the prime factors of 4809176?
2, 601147
What are the prime factors of 65730?
2, 3, 5, 7, 313
What are the prime factors of 213209?
213209
List the prime factors of 24904.
2, 11, 283
List the prime factors of 206828.
2, 29, 1783
List the prime factors of 1039059.
3, 7, 16493
What are the prime factors of 7062374?
2, 11, 321017
What are the prime factors of 752127?
3, 250709
What are the prime factors of 18086900?
2, 5, 13, 13913
What are the prime factors of 1993991?
1993991
List the prime factors of 672285.
3, 5, 44819
What are the prime factors of 70472?
2, 23, 383
What are the prime factors of 15856893?
3, 13, 313, 433
What are the prime factors of 212660?
2, 5, 7, 31
List the prime factors of 2020340.
2, 5, 7, 14431
What are the prime factors of 22980354?
2, 3, 29, 132071
What are the prime factors of 101701?
101701
List the prime factors of 427002.
2, 3, 71167
What are the prime factors of 4788397?
4788397
List the prime factors of 12589641.
3, 466283
List the prime factors of 74188.
2, 17, 1091
What are the prime factors of 1562612?
2, 390653
What are the prime factors of 27476002?
2, 13738001
What are the prime factors of 6721977?
3, 2240659
What are the prime factors of 30115865?
5, 13, 463321
What are the prime factors of 10024060?
2, 5, 501203
What are the prime factors of 117533?
13, 9041
List the prime factors of 773373.
3, 257791
What are the prime factors of 18829428?
2, 3, 149, 10531
List the prime factors of 20729842.
2, 7, 37, 5717
List the prime factors of 1559087.
17, 91711
What are the prime factors of 3293914?
2, 13, 151, 839
List the prime factors of 9651497.
47, 173, 1187
What are the prime factors of 563138?
2, 271, 1039
What are the prime factors of 593132?
2, 79, 1877
What are the prime factors of 441319?
441319
List the prime factors of 1576267.
7, 11, 1861
List the prime factors of 21396492.
2, 3, 13, 131, 349
List the prime factors of 2034469.
337, 6037
List the prime factors of 20204426.
2, 11, 311, 2953
What are the prime factors of 10373051?
13, 61379
List the prime factors of 1188607.
7, 277, 613
What are the prime factors of 8839236?
2, 3, 7, 105229
List the prime factors of 1942110.
2, 3, 5, 7193
What are the prime factors of 33973022?
2, 16986511
What are the prime factors of 1836473?
1836473
List the prime factors of 40275.
3, 5, 179
List the prime factors of 1124230.
2, 5, 19, 61, 97
List the prime factors of 7759068.
2, 3, 19, 34031
List the prime factors of 1633583.
7, 109, 2141
List the prime factors of 203606.
2, 13, 41, 191
List the prime factors of 789253.
149, 5297
List the prime factors of 9008315.
5, 41, 43943
List the prime factors of 644827.
17, 83, 457
List the prime factors of 9674316.
2, 3, 37, 269
List the prime factors of 4003449.
3, 17, 23, 3413
What are the prime factors of 107655?
3, 5, 7177
List the prime factors of 12391284.
2, 3, 1032607
What are the prime factors of 17005341?
3, 5668447
What are the prime factors of 33702768?
2, 3, 11, 21277
What are the prime factors of 6253420?
2, 5, 113, 2767
List the prime factors of 733253.
283, 2591
What are the prime factors of 353474?
2, 11, 16067
What are the prime factors of 5921364?
2, 3, 493447
What are the prime factors of 161415?
3, 5, 17, 211
List the prime factors of 861029.
13, 107, 619
List the prime factors of 66998.
2, 139, 241
List the prime factors of 92543.
11, 47, 179
What are the prime factors of 348799?
11, 37, 857
What are the prime factors of 12795760?
2, 5, 307, 521
What are the prime factors of 1952584?
2, 41, 5953
List the prime factors of 284948.
2, 71237
List the prime factors of 610016.
2, 11, 1733
List the prime factors of 613813.
613813
List the prime factors of 312504.
2, 3, 29, 449
List the prime factors of 82381.
13, 6337
List the prime factors of 1487190.
2, 3, 5, 89, 557
List the prime factors of 344431.
151, 2281
What are the prime factors of 17531364?
2, 3, 79, 18493
What are the prime factors of 638823?
3, 73, 2917
What are the prime factors of 41050176?
2, 3, 47, 4549
What are the prime factors of 1174172?
2, 293543
List the prime factors of 390841.
11, 35531
What are the prime factors of 97930?
2, 5, 7, 1399
List the prime factors of 139839.
3, 7, 6659
What are the prime factors of 43566?
2, 3, 53, 137
List the prime factors of 1814914.
2, 907457
List the prime factors of 1751273.
1751273
List the prime factors of 937822.
2, 17, 27583
List the prime factors of 221055.
3, 5, 14737
What are the prime factors of 253322?
2, 23, 5507
What are the prime factors of 5242484?
2, 13, 181, 557
List the prime factors of 10890665.
5, 2178133
List the prime factors of 4106796.
2, 3, 342233
What are the prime factors of 1579344?
2, 3, 13, 2531
List the prime factors of 1606952.
2, 200869
What are the prime factors of 130527?
3, 14503
What are the prime factors of 156526?
2, 61, 1283
What are the prime factors of 22881640?
2, 5, 572041
List the prime factors of 1236868.
2, 373, 829
What are the prime factors of 365495?
5, 13, 5623
What are the prime factors of 20772272?
2, 241, 5387
What are the prime factors of 15317646?
2, 3, 17, 263, 571
List the prime factors of 360768.
2, 3, 1879
What are the prime factors of 710484?
2, 3, 59207
List the prime factors of 12641736.
2, 3, 526739
List the prime factors of 43561.
7, 127
List the prime factors of 6003674.
2, 3001837
List the prime factors of 2395316.
2, 7, 11, 101
What are the prime factors of 7801255?
5, 7, 11, 23, 881
List the prime factors of 906517.
906517
List the prime factors of 230085.
3, 5, 5113
List the prime factors of 9739453.
17, 572909
List the prime factors of 1240634.
2, 620317
List the prime factors of 4729450.
2, 5, 11, 8599
List the prime factors of 92029.
7, 13147
What are the prime factors of 2564890?
2, 5, 256489
What are the prime factors of 836867?
89, 9403
What are the prime factors of 552727?
7, 281
List the prime factors of 11383806.
2, 3, 7, 271043
What are the prime factors of 127555?
5, 97, 263
List the prime factors of 80049.
3, 26683
What are the prime factors of 5994595?
5, 19, 89, 709
What are the prime factors of 1194577?
383, 3119
List the prime factors of 4361.
7, 89
List the prime factors of 601598.
2, 300799
List the prime factors of 1169964.
2, 3, 23, 157
What are the prime factors of 595189?
7, 85027
What are the prime factors of 6446292?
2, 3, 537191
List the prime factors of 1067638.
2, 11, 13, 3733
List the prime factors of 12415184.
2, 775949
What are the prime factors of 567475?
5, 22699
List the prime factors of 664659.
3, 103, 239
What are the prime factors of 12457564?
2, 7, 63559
What are the prime factors of 325337?
19, 17123
List the prime factors of 8827250.
2, 5, 17, 31, 67
What are the prime factors of 5449314?
2, 3, 13, 19, 3677
List the prime factors of 77